 3*h - p*b - 17. What is the units digit of g(h)?
1
Let w be (-16)/(-10)*(-25)/(-10). What is the units digit of 43/w - (-6)/(-8)?
0
Suppose 0 = -2*j + i - 14, 3*i + 0 + 6 = 0. Let g(u) = -u**2 - 9*u - 10. Let t be g(j). What is the units digit of (-7)/((-3)/(-6)*t)?
7
Let u be 6/4*4/6. Let w(h) = 4*h**2. What is the units digit of w(u)?
4
Suppose h + 4*a + 28 = 3*h, -5*h = a - 48. What is the units digit of 148/h - (-2)/10?
5
Let h(g) = 4*g**2 - 6 + 4*g**3 - 2*g**3 - 3*g**3 + 7*g. Let m be h(5). Suppose 6*c - 34 = m*c. What is the tens digit of c?
1
Let x = -3 - -6. Suppose 4*g - k = 5, x*g = -0*g + 4*k + 20. Suppose g = m - 3 - 4. What is the units digit of m?
7
What is the tens digit of 38 - 0/((-1)/(2 - 3))?
3
Let x(r) = -r**2 + 3*r - 3. Let c be x(3). Let f = c - -4. What is the units digit of (2/6)/(f/6)?
2
Let b = -28 - -52. Suppose 6*v - 2*v - b = 0. Suppose v*c - 5*c = 13. What is the tens digit of c?
1
Let f(p) = p**2 - 3*p - 3. Let u be f(5). Suppose 2*g + 2*s - u = -s, -g + 5*s = 3. What is the units digit of g?
2
Suppose -3*p = 2*y + 7, -4*p + 0*p = -12. Let d = y + 24. What is the tens digit of d?
1
Suppose 9 = 6*n - 3*n. Let s(q) = 3*q + 2. What is the tens digit of s(n)?
1
Let h(d) be the third derivative of d**6/120 + d**5/15 + d**4/12 - d**3/6 + 3*d**2. What is the units digit of h(-2)?
3
Let w(x) = -x**2 + 4*x - 3. Let a be w(6). Let v be ((-20)/a)/(2/6). Suppose 0 = 4*c + g - 41, 25 = 2*c + v*g + g. What is the tens digit of c?
1
Let r(x) = 2*x**2 + 6*x - 9. What is the units digit of r(-6)?
7
Suppose 3*n + 3 = 0, 5*n - 4 = -v - 3. Let g = -4 + v. Suppose i = -s + 6*i + 17, -g*s - 3*i + 8 = 0. What is the units digit of s?
7
Suppose 2*j = 75 - 19. What is the tens digit of j?
2
Let r(a) = -a**3 - 5*a**2 + 4*a - 2. Let d(x) = -x**3 - x**2. Let o be d(-1). Let w(i) = -i**2 - i - 6. Let m be w(o). What is the tens digit of r(m)?
1
Let d(u) = -26*u**3 + 4*u**2 + 3*u + 1. What is the hundreds digit of d(-2)?
2
Let q = 166 - 32. What is the hundreds digit of q?
1
What is the units digit of 34 + (9/12)/(1/4)?
7
Let f(i) = i + 9. Let s be f(-5). Suppose 0 = 5*t + s*b + 10, 2*t - 8 - 1 = b. What is the units digit of t?
2
Let z = -38 - -60. What is the units digit of z?
2
Let n = -103 - -163. Suppose 0 = -5*l + 10*l - n. What is the units digit of l?
2
Suppose -3*z + 4*x = x - 18, -2*z - 4*x = -18. What is the units digit of 53/3 + z/21?
8
Let w(x) = -3*x - 2. Let k(l) = -l + 1. Let p(y) = 4*k(y) - w(y). Let g be p(4). Suppose -3*b + g*u = -45 + 1, 16 = -4*u. What is the tens digit of b?
1
Suppose 5*m - 16 = 4*z - 2, 4*z + 2*m = 0. Let k be (0 - (-8)/z) + 0. Let b = k - -17. What is the units digit of b?
9
Suppose 5*z - 553 = 277. What is the tens digit of z?
6
Let o = -41 + 78. What is the tens digit of o?
3
Suppose 2*x - 200 = -2*x - 4*n, -n = 1. What is the units digit of x?
1
Let r be (-8)/(-3) + 2/6. Let h = r + 0. Suppose -3*a + 0*a = -h. What is the units digit of a?
1
Suppose 0*r = -5*r + 140. What is the tens digit of r?
2
Let o be 22/2 + (1 - 1). Let h(d) = -d**2 - 13*d - 9. Let a(i) = -2*i**2 - 14*i - 10. Let m(j) = 2*a(j) - 3*h(j). What is the units digit of m(o)?
7
Let x(h) = -7*h + 1. Let g be x(-1). Suppose -g*a + 65 = -3*a. What is the units digit of a?
3
Let v = -6 - -14. Let m be (8/(-10))/(3/15). Let p = v + m. What is the units digit of p?
4
Suppose 3*d = 2*c - 32, 3*c + 0*c + 3*d = 48. Let r = 23 - c. What is the units digit of r?
7
Let r = -2 - -4. Let p be 1*(0 - r) - -239. What is the units digit of p/21 + 6/(-21)?
1
Suppose 0 = 3*j - 4 - 2. Let o be 4/(-8) - j/(-4). Suppose o = -3*c - 8 + 20. What is the units digit of c?
4
Let k = -40 + 82. Suppose -5*j = 3*y - 92, -3*j + 5*j - 4*y = k. What is the units digit of j?
9
Let c = 29 - -15. What is the tens digit of c?
4
Suppose -o + 41 = -45. What is the units digit of o?
6
Suppose 3*f - 36 = 9. Suppose 3*y + f = -9. Let g = 3 - y. What is the tens digit of g?
1
Let s be (5 - (-2 + 3))*1. Suppose 3*q - r - 4*r - 6 = 0, 2*q - 4 = -5*r. Suppose -2 = q*w - s*w. What is the units digit of w?
1
Let d(y) = y**2 + 3*y - 1. Let r be d(-5). Let i = -8 + r. Let h = 6 + i. What is the units digit of h?
7
Suppose -2*l = -3*r + 31, 2*r - 7*r - l = -30. Suppose r + 8 = 5*z. What is the units digit of z/(-9) + (-74)/(-6)?
2
Let z be 2/(-6)*0/2. Let x = z - -3. Suppose 3*o - 53 = -x*w - 2*o, -2*o = -5*w + 47. What is the tens digit of w?
1
Let i(y) be the first derivative of y**3/3 - 3*y**2/2 - 3. Let d be i(4). Suppose w - 3*w = -5*r - 36, 3*r - 72 = -d*w. What is the tens digit of w?
1
What is the units digit of (12/(-24))/(2/(-92))?
3
Let m be (-10)/(-3)*(-3)/(-2). Suppose 4*k = m*k - 14. What is the tens digit of k?
1
Suppose -9*w + 7*w + 6 = 0. What is the units digit of w/(-9) + (-128)/(-6)?
1
Let j be ((-4)/2)/((-4)/(-6)). Let r be ((-9)/6)/(3/4). Let b = r - j. What is the units digit of b?
1
What is the tens digit of (-75)/(-2)*((-25)/(-15) - -1)?
0
Suppose -1 = y - 2*y. Let n(d) = -d**3 - 3*d**2 - 2*d. Let t be n(-2). Let g = t + y. What is the units digit of g?
1
Suppose -2*r + 100 = -4*z, 2*r - 6*z = -z + 101. What is the tens digit of r?
4
Let l(g) = -16*g**3 + g**2 + g. Let t(f) = f**2 - 3*f - 1. Let z be t(3). What is the tens digit of l(z)?
1
Suppose 2*d - 144 - 12 = 0. What is the tens digit of d?
7
Let l(g) = 6*g - 16. Let z be (9/12)/((-2)/(-32)). Let x be l(z). Suppose 2*b + 3*b + i - 70 = 0, i - x = -4*b. What is the units digit of b?
4
Suppose -216 = -4*l - 28. What is the tens digit of l?
4
Let q(b) = 5*b**2 - 4*b + 9. Let l(s) = -s**2 - s - 1. Let c(k) = 3*l(k) + q(k). What is the units digit of c(4)?
0
Let w(i) = i**3 - 4*i**2 + 3*i + 1. Suppose 5*j = -5*z - 10 + 35, 0 = -2*j + 2*z + 2. Suppose 3*o - 2*o - j = 0. What is the units digit of w(o)?
1
Let x be -2*(-10)/15*(-27)/2. Let y = -16 + 10. Let b = y - x. What is the tens digit of b?
1
Let r(b) = b**3 + 8*b**2 + 5*b + 6. Let c be r(-8). What is the units digit of -1*(c + (-6)/(-3))?
2
What is the units digit of 12/18*(1 + 149/1)?
0
Suppose 583 = 5*g + 138. What is the tens digit of g?
8
Let i = -23 - -15. Let h = i + 13. Let b = 9 - h. What is the units digit of b?
4
Let t = 164 + -87. What is the units digit of t?
7
Suppose -2*u + 12 = -2*s, -5*s - 20 + 4 = -3*u. Suppose 3*c + 2*c - 135 = 0. Suppose 4*m - c = -u. What is the units digit of m?
5
What is the units digit of (-12 + 9)/(6/(-76))?
8
Let y(h) = -48*h. Let z be y(-2). Suppose 4*m = -0*m - z. Let k = 43 + m. What is the tens digit of k?
1
Suppose i - 14 = -4*f + 3*f, 24 = f + 3*i. What is the units digit of f/2 - (-4)/(-8)?
4
Suppose 0 = 5*r + 25, 2*r = -5*u + 6*r + 30. Suppose 4*o - 4*g - 18 = u, 3*o - 20 = -2*g. What is the units digit of o?
6
Let z(n) = n + 7. Let s be z(-5). Suppose 5*w = -a + 43, a = s + 1. What is the units digit of w?
8
Suppose 0 = -4*z - z - 3*l + 19, -2 = -4*z + 2*l. Let c = 13 + 4. Let m = c - z. What is the units digit of m?
5
Let a = -6 - -11. Suppose -l = -0 - a. Let t = l - 2. What is the units digit of t?
3
Suppose -8*c + 3*c = 0. Suppose -m = -4*j + 10, -2*j + c - 10 = -2*m. What is the units digit of (-1 - 1)/(m/(-25))?
5
Let k = -4 + 7. Let q be (-14)/k + (-4)/12. Let i(c) = -c + 2. What is the units digit of i(q)?
7
Let m(h) = 17*h**2 - 3*h + 2. What is the tens digit of m(1)?
1
Let m(a) be the first derivative of -a**3/3 - 3*a**2 + 7*a + 5. What is the units digit of m(-6)?
7
Suppose 30 = u - 0*s + 3*s, 4*u - 2*s = 92. What is the units digit of (u + -1 - -3) + 1?
7
Let v(w) = 2*w**2 + 2*w - 4. Let d be v(-3). Let k be ((-4)/d)/((-1)/(-2)). What is the units digit of 1*k - 6/(-3)?
1
Suppose 0 = 4*d + 3*y - 82, 0*y - 2*y = 2*d - 42. What is the tens digit of d?
1
Let w be ((-20)/(-6))/((-8)/(-24)). Suppose -w = -5*x - 4*o, -4*x = -0*x - o - 8. What is the units digit of x?
2
Let k be 4/18 - (-80)/45. Let x = -4 + 9. Suppose 0*n + 20 = 5*n + k*p, -5*n - x*p + 20 = 0. What is the units digit of n?
4
Suppose 420 = 3*r + 2*k, -k = 3*r - 4*k - 405. Let t = r - 78. Suppose -2*h - 4*p + p + 19 = 0, t = 5*h - 5*p. What is the tens digit of h?
1
Let p be (-3)/(-2) + (-6)/4. Suppose 2*w - 2 - 2 = p. What is the units digit of w?
2
Let z(t) = -5*t**2 + 2*t**2 - 5 + 8*t + 5*t**2 - 3*t**2. Let a be (-12)/(-2) + 